2 + -44240013224?
-44240013212
In base 4, what is -10113322022 - 121023?
-10120103111
In base 14, what is -5 - 494bcc9?
-494bcd0
In base 3, what is -12111200 - 2120112?
-22002012
In base 3, what is -12 + 22011120220201?
22011120220112
In base 15, what is 1 + -b18261?
-b18260
In base 15, what is -4ac69 + 1aa?
-4aaae
In base 4, what is 30133323212 + -2?
30133323210
In base 16, what is 14 - -32f139?
32f14d
In base 15, what is -1e0a73 - 13?
-1e0a86
In base 15, what is -17 + 48032?
4801a
In base 12, what is b3 + -132445?
-132352
In base 4, what is 2211121 + 200130?
3011311
In base 9, what is -131516 + 6351?
-124155
In base 6, what is 10302 + 51533?
102235
In base 6, what is 1314340 - 1255?
1313041
In base 16, what is -94 + -61b9?
-624d
In base 9, what is 10878 + 872?
11861
In base 4, what is -121 + -1110331233?
-1110332020
In base 5, what is 4334433 + 24?
4340012
In base 10, what is -61962406 + 0?
-61962406
In base 9, what is 1 + 32275853?
32275854
In base 4, what is -2121030013 + 20?
-2121023333
In base 9, what is -555832 + -550?
-556482
In base 12, what is 1742 - 44b7?
-2975
In base 12, what is 2480 + -2b4bb?
-2903b
In base 9, what is -4652450 + 114?
-4652335
In base 5, what is 22031203321400 + -4?
22031203321341
In base 2, what is -11011001100111 - 11011?
-11011010000010
In base 2, what is -101 + -110101100100110101000000110?
-110101100100110101000001011
In base 15, what is 12 + 98787?
98799
In base 16, what is -66dede1 + 1?
-66dede0
In base 7, what is -11 - 1050526415?
-1050526426
In base 2, what is 1101000010000011000000 + 101?
1101000010000011000101
In base 2, what is 11010 - -100001100110?
100010000000
In base 10, what is 211196364 + -5?
211196359
In base 11, what is 2 + -7641900?
-76418a9
In base 11, what is 1a5 + a2414?
a2609
In base 15, what is -93 - 154045?
-1540d8
In base 7, what is -212046313 - 23?
-212046336
In base 13, what is -1463bbb10 + 2?
-1463bbb0b
In base 6, what is 552052102 - 5?
552052053
In base 9, what is 20 - 8601822?
-8601802
In base 10, what is 1560665 - -157?
1560822
In base 12, what is 49b8588 + -2?
49b8586
In base 2, what is 100011 + 10010000101000101?
10010000101101000
In base 16, what is -32f2a72 - 0?
-32f2a72
In base 4, what is -31120 + -133203010?
-133300130
In base 8, what is -712471426 - -2?
-712471424
In base 8, what is 71 - 2401?
-2310
In base 16, what is 45 + -f8fb?
-f8b6
In base 6, what is -35321413 - -5?
-35321404
In base 7, what is -13 - -1265401?
1265355
In base 4, what is 21302303202 - 12?
21302303130
In base 16, what is 2f2bc + -9a?
2f222
In base 5, what is 20441102 - 2?
20441100
In base 16, what is -2294 + -1c5?
-2459
In base 8, what is -53464742 - -2?
-53464740
In base 10, what is 37220286 - -1?
37220287
In base 12, what is 2 + 2556a386?
2556a388
In base 10, what is 1646 - -93963?
95609
In base 13, what is 4 + -14c3c4?
-14c3c0
In base 8, what is 11650512 - 33?
11650457
In base 16, what is -1 + cdf0b?
cdf0a
In base 15, what is -60d029 - 4?
-60d02d
In base 5, what is 14313221 - -143?
14313414
In base 15, what is 10c30d4 - -d?
10c30e2
In base 2, what is -11011001011110010 - 11100110?
-11011001111011000
In base 4, what is -2113 - -1022120330?
1022112211
In base 10, what is -473697861 - 0?
-473697861
In base 14, what is 3d9 - -258?
653
In base 11, what is -4 - 17a74136?
-17a7413a
In base 11, what is 25517044 - 1?
25517043
In base 14, what is 388 - -1378?
1722
In base 4, what is 2 - -20300233010231?
20300233010233
In base 2, what is 101 - -1000101000101111111000?
1000101000101111111101
In base 10, what is 574185 - 269?
573916
In base 7, what is -26166 - 1013524?
-1043023
In base 8, what is -1165 + -534633?
-536020
In base 6, what is -13545522113 + -3?
-13545522120
In base 4, what is -1113300213 + 10332?
-1113223221
In base 2, what is -1011000100001111101101 + 100?
-1011000100001111101001
In base 9, what is 1062103 + 13?
1062116
In base 14, what is -2a + 94d4c?
94d22
In base 2, what is 1001011111010110100 + -101000111111?
1001011010001110101
In base 4, what is -32 + 210111132131?
210111132033
In base 16, what is 14 + 557b8?
557cc
In base 15, what is 2ea3d03c - -3?
2ea3d040
In base 15, what is -41b + -201e?
-243a
In base 6, what is -2402240333 - 0?
-2402240333
In base 9, what is 2230271 + 3?
2230274
In base 7, what is 32 - -12542503?
12542535
In base 12, what is 17488511 - 0?
17488511
In base 6, what is -15 + -354112433?
-354112452
In base 13, what is -113487 - -8c4?
-112893
In base 15, what is -1bee + 5be0?
3ee1
In base 13, what is 35a0 - 23b32?
-20562
In base 13, what is -7 + 14960?
14956
In base 7, what is 116 - -25552613?
25553032
In base 11, what is -6568953 - -23?
-6568930
In base 10, what is -32 - -415838?
415806
In base 7, what is -351615 - -2136?
-346446
In base 15, what is 6e29 - 98b?
648d
In base 5, what is 21004320224 - -1?
21004320230
In base 14, what is 199d0a + -11?
199cd9
In base 6, what is 14323421 + 1302?
14325123
In base 8, what is 44017601 - -10?
44017611
In base 12, what is 296a8 + b1a?
2a606
In base 7, what is -42216122 + -24?
-42216146
In base 4, what is 203220010 - 202?
203213202
In base 16, what is d7c7 + 270?
da37
In base 8, what is -5 + -42042117?
-42042124
In base 11, what is 1a2444 + 4?
1a2448
In base 6, what is 0 - 2523130310?
-2523130310
In base 6, what is 2 - 302205043?
-302205041
In base 12, what is -1147 + 902?
-445
In base 6, what is -331 - 304423?
-305154
In base 3, what is -201200 + 1002110021201?
1002102120001
In base 12, what is 118 + 11b74?
12090
In base 16, what is 5 - -d72ac9c?
d72aca1
In base 12, what is b8b + -3b7?
794
In base 3, what is -112211221 + 222111202?
102122211
In base 13, what is -4 + 1a94cb0b?
1a94cb07
In base 14, what is 9b0 - -1a5ba?
1b18a
In base 9, what is 5 - -336474?
336480
In base 13, what is 3 + 6253253?
6253256
In base 9, what is 0 - 21577383?
-21577383
In base 8, what is 350206 - 64?
350122
In base 13, what is 23233 - 28?
23208
In base 3, what is 21100101211 - 1102221?
21021221220
In base 8, what is -2466513637 + 2?
-2466513635
In base 9, what is -7625 + 15750?
7124
In base 4, what is 3 - 11021012323333?
-11021012323330
In base 7, what is 6366 - 6103?
263
In base 11, what is -2a999 + 10339?
-1a660
In base 3, what is -2 + -22001110010020?
-22001110010022
In base 11, what is -17800793 + -2?
-17800795
In base 8, what is -21275466 - -4?
-21275462
In base 5, what is -10 + 100443303101?
100443303041
In base 7, what is -6 - 413260641?
-413260650
In base 10, what is 7516 - 4512?
3004
In base 10, what is -97022575 - -4?
-97022571
In base 3, what is -122 + 10211221011201?
10211221011002
In base 6, what is 1443 - -4010042?
4011525
In base 2, what is -11 + 1001010111001100011111?
1001010111001100011100
In base 10, what is 5 + 243874?
243879
In base 13, what is 2040901 - 0?
2040901
In base 5, what is 3 + 4140422300?
4140422303
In base 13, what is -38990 - 3498?
-3c158
In base 3, what is 102111220 - -102020?
102221010
In base 16, what is -1a + c61047?
c6102d
In base 12, what is 94497 - b47?
93550
In base 3, what is -12 + 12120121120212200?
12120121120212111
In base 2, what is -11101110000001010110111010 - -101?
-11101110000001010110110101
In base 9, what is -1248 - 243621?
-244870
In base 12, what is -1741 - -39290?
3774b
In base 8, what is -10770 + -423664?
-434654
In base 2, what is 1001101010011001101 - 11011100?
1001101001111110001
In base 9, what is -83 + -36640580?
-36640673
In base 13, what is -4778 + 24bab?
20433
In base 12, what is 527560b + -2?
5275609
In base 9, what is -76765 + 73?
-76682
In base 3, what is -12101222121 + -120020?
-12102112211
In base 6, what is -3 - -504112440?
504112433
In base 12, what is 0 - -496b0ab6?
496b0ab6
In base 2, what is -10111001011001 - -101100100?
-10110011110101
In base 15, what is 233a7b + -4?
233a77
In base 6, what is 0 + 1254304542?
1254304542
In base 12, what is -82647 - 2a?
-82675
In base 9, what is 5 + -8826201?
-8826185
In base 14, what is -13bcc8 - -ca?
-13bbdc
In base 9, what is -1024 - 6321?
-7345
In base 10, what is -73216269 + 0?
-73216269
In base 16, what is -7239 - -39b?
-6e9e
In base 3, what is -201220101112111 - -100?
-201220101112011
In base 5, what is 442 + -220232?
-214240
In base 15, what is -1d71 - a13?
-2884
In base 2, what is 11100100100001010110001 + 0?
11100100100001010110001
In base